{"id":45,"date":"2015-02-02T15:29:26","date_gmt":"2015-02-02T15:29:26","guid":{"rendered":"http:\/\/performingcitizenship.de\/data\/?page_id=45"},"modified":"2015-03-10T07:13:26","modified_gmt":"2015-03-10T07:13:26","slug":"links","status":"publish","type":"page","link":"http:\/\/performingcitizenship.de\/data\/links\/","title":{"rendered":"Links"},"content":{"rendered":"<p><a href=\"https:\/\/citcollective.wordpress.com\/\" target=\"_blank\">CIT Collective<\/a><br \/>\n<a href=\"http:\/\/www.ahk.nl\/theaterschool\/opleidingen-theater\/dasarts-master-of-theatre\/\" target=\"_blank\">DasArts<\/a><br \/>\n<a href=\"http:\/\/www.doch.se\/\" target=\"_blank\">DOCH &#8211; School of Dance and Circus, Stockholm<\/a><br \/>\n<a href=\"http:\/\/www.eipcp.net\/\" target=\"_blank\">Europ\u00e4isches Institut f\u00fcr progressive Kulturpolitik<\/a><br \/>\n<a href=\"http:\/\/www.forschungsstiftung-hh.de\/\" target=\"_blank\">Forschungs- und Wissenschaftsstiftung Hamburg<\/a><br \/>\n<a href=\"http:\/\/www.fundus-theater.de\/\" target=\"_blank\">Fundus Theater<\/a><br \/>\n<a href=\"http:\/\/das-gaengeviertel.info\/\" target=\"_blank\">G\u00e4ngeviertel<\/a><br \/>\n<a href=\"http:\/\/www.hcu-hamburg.de\/\" target=\"_blank\">HCU Hafencity Universit\u00e4t Hamburg<\/a><br \/>\n<a href=\"http:\/\/www.k3-hamburg.de\/\" target=\"_blank\">K3 \u2013 Zentrum f\u00fcr Choreographie | Tanzplan Hamburg<\/a><br \/>\n<a href=\"http:\/\/www.kulturwissenschaften.de\/home\/index.html\" target=\"_blank\">KWI &#8211; Kulturwissenschaftliches Institut Essen<\/a><br \/>\n<a href=\"http:\/\/www.thisisliveart.co.uk\/\" target=\"_blank\">Live Art Development Agency<\/a><br \/>\n<a href=\"http:\/\/www.performance.uni-hamburg.de\/\" target=\"_blank\">MA Performance Studies, Universit\u00e4t Hamburg<\/a><br \/>\n<a href=\"http:\/\/www.kh-berlin.de\/studium\/fachgebiete\/ma-raumstrategien\/ma-raumstrategien.html\" target=\"_blank\">MA Raumstrategien, Kunsthochschule Berlin-Weissensee<\/a><br \/>\n<a href=\"http:\/\/www.openberlin.org\/\" target=\"_blank\">openberlin<\/a><br \/>\n<a href=\"http:\/\/plateauhamburg.de\/\" target=\"_blank\">PLATEAU &#8211; Performing Arts in Hamburg<\/a><br \/>\n<a href=\"http:\/\/www.psi-web.org\" target=\"_blank\">PSi &#8211; Performance Studies international<\/a><br \/>\n<a href=\"http:\/\/www.rechtaufstadt.net\/\" target=\"_blank\">Recht Auf Stadt Netzwerk Hamburg<\/a><br \/>\n<a href=\"http:\/\/sarma.be\/pages\/Index\" target=\"_blank\">SARMA &#8211; Laboratory for Criticism, Research and Creation<\/a><br \/>\n<a href=\"http:\/\/schwabinggrad-ballett.org\" target=\"_blank\">Schwabingradballett<\/a><br \/>\n<a href=\"http:\/\/www.selectoplantabaja.net\/\" target=\"_blank\">Selecto Planta Baja<\/a><br \/>\n<a href=\"http:\/\/www.uniarts.se\/in-english\" target=\"_blank\">Stockholm University of the Arts<\/a><br \/>\n<a href=\"http:\/\/urban-upcycling.de\/\" target=\"_blank\">Urban Upcycling<\/a><br \/>\n<a href=\"http:\/\/www.zurbs.org\/\" target=\"_blank\">zURBS<\/a><\/p>\n","protected":false},"excerpt":{"rendered":"<p class=\"excerpt\">CIT Collective DasArts DOCH &#8211; School of Dance and Circus, Stockholm Europ\u00e4isches Institut f\u00fcr progressive Kulturpolitik Forschungs- und Wissenschaftsstiftung Hamburg Fundus Theater G\u00e4ngeviertel HCU Hafencity Universit\u00e4t Hamburg K3 \u2013 Zentrum f\u00fcr Choreographie | Tanzplan Hamburg KWI &#8211; Kulturwissenschaftliches Institut Essen Live Art Development Agency MA Performance Studies, Universit\u00e4t Hamburg MA Raumstrategien, Kunsthochschule Berlin-Weissensee openberlin PLATEAU &#8211; Performing Arts in Hamburg&hellip;<\/p>\n<p class=\"more-link-p\"><a class=\"btn btn-default\" href=\"http:\/\/performingcitizenship.de\/data\/links\/\">Read more<\/a><\/p>\n","protected":false},"author":1,"featured_media":0,"parent":0,"menu_order":0,"comment_status":"closed","ping_status":"closed","template":"","meta":{"spay_email":""},"jetpack_sharing_enabled":true,"jetpack_shortlink":"https:\/\/wp.me\/P5HiMl-J","_links":{"self":[{"href":"http:\/\/performingcitizenship.de\/data\/wp-json\/wp\/v2\/pages\/45"}],"collection":[{"href":"http:\/\/performingcitizenship.de\/data\/wp-json\/wp\/v2\/pages"}],"about":[{"href":"http:\/\/performingcitizenship.de\/data\/wp-json\/wp\/v2\/types\/page"}],"author":[{"embeddable":true,"href":"http:\/\/performingcitizenship.de\/data\/wp-json\/wp\/v2\/users\/1"}],"replies":[{"embeddable":true,"href":"http:\/\/performingcitizenship.de\/data\/wp-json\/wp\/v2\/comments?post=45"}],"version-history":[{"count":8,"href":"http:\/\/performingcitizenship.de\/data\/wp-json\/wp\/v2\/pages\/45\/revisions"}],"predecessor-version":[{"id":345,"href":"http:\/\/performingcitizenship.de\/data\/wp-json\/wp\/v2\/pages\/45\/revisions\/345"}],"wp:attachment":[{"href":"http:\/\/performingcitizenship.de\/data\/wp-json\/wp\/v2\/media?parent=45"}],"curies":[{"name":"wp","href":"https:\/\/api.w.org\/{rel}","templated":true}]}}